*j + 876, g - 2*j - 132 - 155 = 0. What is the greatest common factor of g and 22?
11
Let v(k) = k**3 - 29*k**2 + 29*k - 13. Let o be v(28). What is the greatest common divisor of o and 45?
15
Let v = -27 - -63. Let t(b) = 13*b - 1. Suppose -5*s + g + 4 = 0, 4*s - 7*g = -3*g. Let z be t(s). Calculate the highest common divisor of v and z.
12
Let s = 284 + -282. Let g(f) = -f - 5. Let x be g(-5). Suppose -3*w - 4*j + 1 = x, -5*w - 3*j = -3*w. Calculate the greatest common factor of w and s.
1
Let f = 5 + -3. Suppose -3*l - l - 2*c - 26 = 0, -f = 3*l + 5*c. Let p be (-4)/6 + (-105)/l. Calculate the highest common factor of p and 55.
11
Suppose 3*y + 4 = -2. Let v be -270*(y/(-4) + -1). Calculate the highest common divisor of v and 27.
27
Let m(q) = q - 5. Let t be m(12). Suppose -96 = 3*k - t*k. Suppose -9*u - 16 = -11*u. Calculate the highest common factor of u and k.
8
Let d be 180*(3 - 45/18). What is the greatest common factor of d and 225?
45
Let m(z) = z + 21*z**2 + 11*z**2 - 1 + 16*z**2. Let v be m(1). Let s be (66/4)/(9/v). What is the highest common factor of s and 8?
8
Suppose -3*n + 0*n = -4*l - 72, 2*l = -2*n + 62. Suppose 3 = -4*w - 5, -2*q + w = -n. Calculate the greatest common factor of q and 65.
13
Let t be (-2 + (2 - 1))/((-1)/179). Suppose -53 + t = 18*b. What is the highest common divisor of b and 77?
7
Let n(m) = -2*m - 3. Let s be n(-6). Suppose -s*u - 100 = -11*u. What is the highest common divisor of u and 20?
10
Let v be (-310)/(-18) - 22/99. Calculate the greatest common factor of v and 2.
1
Let p be -5 - 11/(77/(-63)). Suppose -205 = -w - 4*w. Suppose p*b + w = 161. Calculate the highest common factor of b and 270.
30
Let n(q) = -2 - q + 0*q**2 + 125*q**3 - 126*q**3 + q**2. Let p be n(0). Let a be 16 + p - (-2 + -2). What is the greatest common factor of 45 and a?
9
Let x be (1/1)/(2/(-26)). Let i = 62 + x. Calculate the highest common factor of 7 and i.
7
Let q(y) = y**2 - 4*y + 3. Let j be q(-4). Let b = j - 28. What is the highest common factor of 35 and b?
7
Suppose -2*r = -61 + 9. What is the greatest common divisor of 416 and r?
26
Let r(p) = -2*p**2 + 9*p + 4. Let s(c) = -2*c**2 + 8*c + 4. Let j(o) = 4*r(o) - 5*s(o). Let i be j(6). What is the greatest common divisor of 4 and i?
4
Let f = 3 - 6. Let x(t) = -4*t + 6. Let i be x(f). Let u be 6/i + 754/6. What is the greatest common divisor of 14 and u?
14
Suppose 568 = -7*x + 4663. What is the highest common divisor of 45 and x?
45
Let b be 151094/434 + 2/(-14). Calculate the highest common divisor of 96 and b.
12
Suppose 8*x = -2 + 98. Let u = 39 + -24. Suppose -u*z + 13*z + 24 = 0. Calculate the highest common factor of x and z.
12
Let i(p) = p**2 - 7*p. Let d be i(7). Suppose 3*f + 2*f - 30 = d. Suppose -b + 60 = 5*r, 0*r + b + 24 = 2*r. Calculate the highest common factor of f and r.
6
Suppose 2*g + 35 = 3*m, 10 = g + 4*g. Let z = 381 - 342. Calculate the greatest common divisor of z and m.
13
Suppose 6*h - 282 = -0*h. Suppose -2*a + 15 + h = 0. Calculate the greatest common factor of 93 and a.
31
Suppose 2*m - 27 - 7 = 0. Let t(k) = 6*k**2 - 7*k + 1. Let g = 6 + -3. Let x be t(g). What is the highest common factor of x and m?
17
Let y(u) = -12*u + 16. Let i(o) = -4*o + 5. Let m(g) = 11*i(g) - 4*y(g). Let b = 5 - -1. Let n be m(b). What is the greatest common divisor of 30 and n?
15
Let d(s) = 36*s - 272. Let p be d(18). Calculate the greatest common divisor of 8 and p.
8
Suppose -96 + 41 = -11*p. Let c(y) = 3 - 2 + 0*y + 4*y. Let x be c(1). What is the highest common factor of p and x?
5
Let n(r) = -r**3 + 16*r**2 - 33*r + 26. Let h(b) = b**3 + 14*b**2 + b + 27. Let w be h(-14). Let i be n(w). What is the greatest common divisor of 8 and i?
8
Suppose 435 = 2*z + 3*r + 27, 0 = -2*z - 5*r + 404. What is the greatest common factor of 23 and z?
23
Let f = 62 - 36. What is the greatest common factor of 13 and f?
13
Let l = -173 + 174. Suppose -2*o = -5*h + 51, 5*h + o = 1 + 41. Calculate the greatest common factor of h and l.
1
Let i be 10/15 - (170/(-3))/2. Calculate the highest common divisor of 377 and i.
29
Suppose 3*b + 21 = 5*f + b, -2*b - 12 = -2*f. Let h(v) = -2*v**3 - 12*v**2 + v + 30. Let r be h(-6). Calculate the greatest common divisor of f and r.
3
Suppose 0 = 16*w + 376 - 3448. What is the highest common divisor of 2 and w?
2
Let s(z) = 432 - z**3 - 429 + 0*z**3 - 16*z**2. Let a be s(-16). Calculate the greatest common divisor of 1 and a.
1
Let s be (-14)/(-6) + (-8)/24. Suppose 0 = -s*b - 0*b - 16. Let c be 74/4 - b/(-16). Calculate the greatest common divisor of 27 and c.
9
Let l be 77*(6/(-2) + 4). Calculate the greatest common divisor of l and 99.
11
Let v be 50/200 + (-183)/(-4) + 3. Calculate the greatest common factor of v and 2254.
49
Let k = 51 - 30. Suppose -2*l + 4*m = -16, m = -5*l - 0*m + 73. What is the greatest common factor of k and l?
7
Let r(k) = k**3 - 20*k**2 + 19*k + 15. Let b be r(19). Suppose -68 = b*i - 19*i. What is the greatest common divisor of i and 119?
17
Let o be 28/(168/(-387))*(-1 - 33). What is the greatest common divisor of 51 and o?
51
Let v be 9 + 0*(-3)/(-12)*-2. Suppose k = -4*k. Suppose k = -2*n + 19 + 17. What is the highest common factor of v and n?
9
Let s = 114 + -114. Suppose -4*p + 0*o = -3*o, 4*p - 8 = o. Suppose 7*i - p*i - 28 = s. What is the greatest common factor of i and 14?
7
Suppose -266*p + 239*p = -162. What is the greatest common divisor of p and 1962?
6
Let m(z) = 2*z**3 - 57*z**2 + 28*z + 24. Let y be m(28). Calculate the greatest common factor of 312 and y.
24
Suppose -3*g = -6*g + 18. Let k(j) = 2*j**2 + 9 + 5*j**2 + j**3 - 10*j**2 - 9*j. Let n be k(g). What is the highest common divisor of 9 and n?
9
Suppose 0 = -3*n + 2*t - 5*t - 66, 23 = -n - 2*t. Let s = -5 + 1. Let x be s*(n/4 - -3). What is the highest common divisor of x and 27?
9
Suppose -877 = -9*k - 175. What is the highest common divisor of k and 6?
6
Suppose 3*p = -210 - 366. Let j be 1/(4*(-4)/p). Suppose j + 13 = b. What is the highest common factor of b and 10?
5
Suppose -3*z - 6 + 21 = 0. Let j be (-2 + 3/1)*z. Let o = 1 + j. What is the greatest common factor of 2 and o?
2
Suppose -2*n - 42 = -184. Let l = -51 + n. Calculate the greatest common divisor of l and 5.
5
Let m be (-7 - -6)*(0 - 11). Let a = 249 - 150. What is the highest common factor of m and a?
11
Suppose -u + 2*u = 4, 3*u - 47 = -5*p. Let h be (-2)/p - 79/(-7). Let b be (h/3)/((-7)/(-21)). What is the greatest common factor of b and 88?
11
Suppose -5*z + 70 = -0*z. Let k(l) = -4*l - 4. Let r be k(-4). Let h = z - r. Calculate the highest common factor of 18 and h.
2
Let s = -19 - -30. Suppose -b + 12 = 2*w - 21, -3*b + 99 = 2*w. Calculate the greatest common divisor of s and b.
11
Suppose 56 = k - 6*a + a, k - 3*a = 50. Suppose 35*c = k*c - 48. Let i(s) = 20*s + 4. Let l be i(3). What is the highest common divisor of c and l?
8
Suppose 3*p - 3*j = j + 26, -3*j = -2*p + 19. Let c be 48/(-56)*(-84)/p. Let o = 50 - c. Calculate the highest common factor of 84 and o.
14
Let h(p) = 82*p**2 - 2*p + 1. Let v be h(1). What is the greatest common factor of v and 3?
3
Let b be ((-10)/(-8))/((-2)/(-112)*2). Suppose -2*c - 6 + 22 = 4*p, 2*c + 5*p = 13. What is the highest common factor of b and c?
7
Suppose 59 = 2*s - 5*c, 2*s - 21 = 2*c + 29. Calculate the greatest common factor of 638 and s.
22
Let c(i) = -i**3 - 11*i**2 - 12*i - 15. Let g be c(-10). Suppose 0 = -g*k - 13 + 133. What is the highest common divisor of k and 36?
12
Suppose 4*g - 66 = 638. Let j(f) = -15*f - 59. Let r be j(-5). What is the greatest common divisor of r and g?
16
Let a = -9 - -10. Let c(p) = 2*p**3 + 9*p**2 + 5*p + 9. Let t be c(-4). What is the highest common divisor of t and a?
1
Suppose 15 = 2*n - 2*q - 3, 2*q = -2*n - 2. Let a be (-1 - -3 - 4)*5. Let r = a - -18. Calculate the highest common divisor of r and n.
4
Suppose -4*k + 7 = -5. Suppose 2 = 3*n - q, -2*q + 0*q = -4*n + 4. Suppose -3*w - 3 + 9 = n. Calculate the greatest common divisor of w and k.
1
Suppose -5*n + 15*j - 11*j = -2933, 0 = -3*n - 4*j + 1779. Calculate the highest common factor of 31 and n.
31
Suppose -288 = -2*z + 72. What is the greatest common factor of 225 and z?
45
Let h(d) = -4*d**3 + 4*d + 4. Suppose -5*x